{"id":6,"date":"2019-04-11T10:36:49","date_gmt":"2019-04-11T08:36:49","guid":{"rendered":"https:\/\/lstme.de\/?page_id=6"},"modified":"2022-08-12T09:12:13","modified_gmt":"2022-08-12T07:12:13","slug":"startseite","status":"publish","type":"page","link":"https:\/\/lstme.de\/","title":{"rendered":"Startseite"},"content":{"rendered":"\n<p class=\"has-medium-font-size\">Herzlich willkommen auf der Internetseite des LSTME e.V.!<\/p>\n\n\n\n<figure class=\"wp-block-gallery has-nested-images columns-3 is-cropped wp-block-gallery-1 is-layout-flex wp-block-gallery-is-layout-flex\">\n<figure class=\"wp-block-image\"><img loading=\"lazy\" decoding=\"async\" width=\"114\" height=\"150\" data-id=\"44\" src=\"https:\/\/lstme.de\/wp-content\/uploads\/2019\/05\/ProfDelgado.jpg\" alt=\"\" class=\"wp-image-44\"\/><figcaption> Prof.Dr.-Ing.habil.&nbsp; <br>Antonio Delgdao<\/figcaption><\/figure>\n\n\n\n<figure class=\"wp-block-image\"><img loading=\"lazy\" decoding=\"async\" width=\"800\" height=\"600\" data-id=\"175\" src=\"https:\/\/lstme.de\/wp-content\/uploads\/2019\/06\/Leer-1-e1559385310326.png\" alt=\"\" class=\"wp-image-175\" srcset=\"https:\/\/lstme.de\/wp-content\/uploads\/2019\/06\/Leer-1-e1559385310326.png 800w, https:\/\/lstme.de\/wp-content\/uploads\/2019\/06\/Leer-1-e1559385310326-300x225.png 300w, https:\/\/lstme.de\/wp-content\/uploads\/2019\/06\/Leer-1-e1559385310326-768x576.png 768w\" sizes=\"auto, (max-width: 800px) 85vw, 800px\" \/><\/figure>\n\n\n\n<figure class=\"wp-block-image size-large\"><img loading=\"lazy\" decoding=\"async\" width=\"734\" height=\"1024\" data-id=\"341\" src=\"https:\/\/lstme.de\/wp-content\/uploads\/2022\/08\/Gatternig-1-734x1024.jpg\" alt=\"\" class=\"wp-image-341\" srcset=\"https:\/\/lstme.de\/wp-content\/uploads\/2022\/08\/Gatternig-1-734x1024.jpg 734w, https:\/\/lstme.de\/wp-content\/uploads\/2022\/08\/Gatternig-1-215x300.jpg 215w, https:\/\/lstme.de\/wp-content\/uploads\/2022\/08\/Gatternig-1-768x1071.jpg 768w, https:\/\/lstme.de\/wp-content\/uploads\/2022\/08\/Gatternig-1.jpg 1009w\" sizes=\"auto, (max-width: 734px) 85vw, 734px\" \/><figcaption> Prof.Dr.-Ing.Bernhard Gatternig<\/figcaption><\/figure>\n<\/figure>\n\n\n<p>\u00a0 \u00a0 Vorsitzender des LSTME\u00a0 e.V.\u00a0 \u00a0 \u00a0 \u00a0 \u00a0 \u00a0 \u00a0 \u00a0 \u00a0 \u00a0 \u00a0 \u00a0 \u00a0 \u00a0 \u00a0 \u00a0 \u00a0 \u00a0 \u00a0 \u00a0 \u00a0 \u00a0 \u00a0 \u00a0 \u00a0 \u00a0 \u00a0 \u00a0 \u00a0 \u00a0 \u00a0 \u00a0 \u00a0 \u00a0 \u00a0 \u00a0 \u00a0 \u00a0 \u00a0 \u00a0 \u00a0 \u00a0 \u00a0 \u00a0 \u00a0 \u00a0 Stellvertretender Vorsitzender<\/p>\n\n\n<p>Der LSTME e.V. verfolgt ausschlie\u00dflich und unmittelbar gemeinn\u00fctzige Zwecke. Die Friedrich-Alexander-Universit\u00e4t Erlangen-N\u00fcrnberg hat dem LSTME e.V. den Status eines An-Institutes verliehen. Der Hauptzweck des LSTME e.V. besteht in der F\u00f6rderung der  Zusammenarbeit des <a href=\"http:\/\/lstm.fau.de\">Lehrstuhls f\u00fcr Str\u00f6mungsmechanik der Friedrich-Alexander-Univerist\u00e4t Erlangen-N\u00fcrnberg<\/a>  mit nationalen sowie internationalen Institutionen.  Dies dient der unmittelbaren St\u00e4rkung des Fundamentes dieses Forschungsinstitutes f\u00fcr  fach\u00fcbergreifende und weltumspannende  T\u00e4tigkeiten in Wissenschaft, Forschung und Bildung, mit einem Schwerpunkt in S\u00fcdkorea.  Hiermit tr\u00e4gt der LSTME e.V. im Sinne seiner Gemeinn\u00fctzigkeit auch zum Ansehen der Bundesrepublik  Deutschland bei.<\/p>\n\n\n\n<p>Dabei stehen die Nutzung und Weiterentwicklung von fortgeschrittenen Kenntnissen, Methoden und Verfahren der deutschen Ingenieurwissenschaften im Mittelpunkt, um die Bed\u00fcrfnisse des menschlichen Individuums unter den unterschiedlichen, von Gesellschaften in unterschiedlichen geopolitischen  Regionen und Entwicklungsstadien vorgegebenen soziokulturellen, \u00f6kologischen und \u00f6konomischen Bedingungen bestm\u00f6glich abzudecken. <\/p>\n\n\n\n<p>In Umsetzung seiner Satzung hat der LSTME e.V. in der s\u00fcdkoreanischen Stadt Busan die gemeinn\u00fctzige  Zweigstelle LSTME e.V. Busan Branch gegr\u00fcndet. Herr Prof. Man-gi Cho wurde als Besonderer Stellvertreter mit der Wahrnehmung der Zweigstellenadministration  beauftragt. <\/p>\n\n\n<p class=\"wp-block-image is-resized\"><img loading=\"lazy\" decoding=\"async\" class=\"wp-image-43\" src=\"https:\/\/lstme.de\/wp-content\/uploads\/2019\/05\/ProfCho.jpg\" alt=\"\" width=\"202\" height=\"220\" srcset=\"https:\/\/lstme.de\/wp-content\/uploads\/2019\/05\/ProfCho.jpg 470w, https:\/\/lstme.de\/wp-content\/uploads\/2019\/05\/ProfCho-275x300.jpg 275w\" sizes=\"auto, (max-width: 202px) 85vw, 202px\" \/><br>Prof. Dr.-Ing Man-gi Cho<br>Special Representative of LSTME Busan<\/p>\n\n\n<p>Im Rahmen der satzungsgem\u00e4\u00df gew\u00e4hrten Unterst\u00fctzung seitens LSTME e.V. bei der Akquisition von \u00f6ffentlichen Forschungsmitteln f\u00f6rdern das S\u00fcdkoreanische Ministerium f\u00fcr Handel, Energie und Industrie (MoTIE) sowie die Metropolstadt Busan (BMC) ideell und finanziell das neu gegr\u00fcndete Deutsche Ingenieurwissenschaftliche Forschungszentrum LSTME Busan.  <\/p>\n\n\n\n<figure class=\"wp-block-image\"><img loading=\"lazy\" decoding=\"async\" width=\"1024\" height=\"239\" src=\"https:\/\/lstme.de\/wp-content\/uploads\/2019\/05\/LSTME_Image_Banner_leftalign-1024x239.png\" alt=\"Logo des LSTME e.V.\" class=\"wp-image-84\" srcset=\"https:\/\/lstme.de\/wp-content\/uploads\/2019\/05\/LSTME_Image_Banner_leftalign-1024x239.png 1024w, https:\/\/lstme.de\/wp-content\/uploads\/2019\/05\/LSTME_Image_Banner_leftalign-300x70.png 300w, https:\/\/lstme.de\/wp-content\/uploads\/2019\/05\/LSTME_Image_Banner_leftalign-768x179.png 768w, https:\/\/lstme.de\/wp-content\/uploads\/2019\/05\/LSTME_Image_Banner_leftalign.png 1200w\" sizes=\"auto, (max-width: 709px) 85vw, (max-width: 909px) 67vw, (max-width: 1362px) 62vw, 840px\" \/><\/figure>\n\n\n\n<p>F\u00fcr die dort stattfindenden operativen Arbeiten in der Forschung zeichnen  folgende  Mitglieder des Wissenschaftlichen Steuerungskomitees verantwortlich:<\/p>\n\n\n\n<figure class=\"wp-block-gallery has-nested-images columns-5 is-cropped wp-block-gallery-2 is-layout-flex wp-block-gallery-is-layout-flex\">\n<figure class=\"wp-block-image\"><img loading=\"lazy\" decoding=\"async\" width=\"114\" height=\"150\" data-id=\"44\" src=\"https:\/\/lstme.de\/wp-content\/uploads\/2019\/05\/ProfDelgado.jpg\" alt=\"\" class=\"wp-image-44\"\/><figcaption>Prof. Antonio Delgado<\/figcaption><\/figure>\n\n\n\n<figure class=\"wp-block-image\"><img loading=\"lazy\" decoding=\"async\" width=\"470\" height=\"512\" data-id=\"43\" src=\"https:\/\/lstme.de\/wp-content\/uploads\/2019\/05\/ProfCho.jpg\" alt=\"\" class=\"wp-image-43\" srcset=\"https:\/\/lstme.de\/wp-content\/uploads\/2019\/05\/ProfCho.jpg 470w, https:\/\/lstme.de\/wp-content\/uploads\/2019\/05\/ProfCho-275x300.jpg 275w\" sizes=\"auto, (max-width: 470px) 85vw, 470px\" \/><figcaption>Prof. Man-gi Cho<\/figcaption><\/figure>\n\n\n\n<figure class=\"wp-block-image\"><img loading=\"lazy\" decoding=\"async\" width=\"446\" height=\"645\" data-id=\"45\" src=\"https:\/\/lstme.de\/wp-content\/uploads\/2019\/05\/ProfJovanovic.png\" alt=\"\" class=\"wp-image-45\" srcset=\"https:\/\/lstme.de\/wp-content\/uploads\/2019\/05\/ProfJovanovic.png 446w, https:\/\/lstme.de\/wp-content\/uploads\/2019\/05\/ProfJovanovic-207x300.png 207w\" sizes=\"auto, (max-width: 446px) 85vw, 446px\" \/><figcaption>Prof. Jovan Jovanovic<\/figcaption><\/figure>\n\n\n\n<figure class=\"wp-block-image size-full\"><img loading=\"lazy\" decoding=\"async\" width=\"181\" height=\"230\" data-id=\"335\" src=\"https:\/\/lstme.de\/wp-content\/uploads\/2022\/03\/HCLim.png\" alt=\"\" class=\"wp-image-335\"\/><figcaption>Prof. HeeChang Lim<\/figcaption><\/figure>\n\n\n\n<figure class=\"wp-block-image\"><img decoding=\"async\" data-id=\"47\" src=\"https:\/\/lstme.de\/wp-content\/uploads\/2019\/05\/ProfWierschem_2.jpg\" alt=\"\" class=\"wp-image-47\"\/><figcaption>Prof. Andreas Wierschem<\/figcaption><\/figure>\n<\/figure>\n\n\n\n<p>Auf diesen Seiten zeigen wir einen \u00dcberblick \u00fcber unsere Organisation, Ziele und Satzung sowie beispielhaft einen Querschnitt aus den aktuellen Aktivit\u00e4ten.<\/p>\n\n\n\n<figure class=\"wp-block-embed is-type-video is-provider-youtube wp-block-embed-youtube wp-embed-aspect-16-9 wp-has-aspect-ratio\"><div class=\"wp-block-embed__wrapper\">\n<iframe loading=\"lazy\" title=\"LSTME Busan Introduction\" width=\"840\" height=\"473\" src=\"https:\/\/www.youtube.com\/embed\/FTetD5R8kbo?feature=oembed\" frameborder=\"0\" allow=\"accelerometer; autoplay; clipboard-write; encrypted-media; gyroscope; picture-in-picture\" allowfullscreen><\/iframe>\n<\/div><\/figure>\n","protected":false},"excerpt":{"rendered":"<p>Herzlich willkommen auf der Internetseite des LSTME e.V.! \u00a0 \u00a0 Vorsitzender des LSTME\u00a0 e.V.\u00a0 \u00a0 \u00a0 \u00a0 \u00a0 \u00a0 \u00a0 \u00a0 \u00a0 \u00a0 \u00a0 \u00a0 \u00a0 \u00a0 \u00a0 \u00a0 \u00a0 \u00a0 \u00a0 \u00a0 \u00a0 \u00a0 \u00a0 \u00a0 \u00a0 \u00a0 \u00a0 \u00a0 \u00a0 \u00a0 \u00a0 \u00a0 \u00a0 \u00a0 \u00a0 \u00a0 \u00a0 \u00a0 \u00a0 \u00a0 \u00a0 \u00a0 &hellip; <a href=\"https:\/\/lstme.de\/\" class=\"more-link\"><span class=\"screen-reader-text\">\u201eStartseite\u201c <\/span>weiterlesen<\/a><\/p>\n","protected":false},"author":1,"featured_media":0,"parent":0,"menu_order":0,"comment_status":"closed","ping_status":"closed","template":"","meta":{"footnotes":""},"class_list":["post-6","page","type-page","status-publish","hentry"],"_links":{"self":[{"href":"https:\/\/lstme.de\/index.php?rest_route=\/wp\/v2\/pages\/6","targetHints":{"allow":["GET"]}}],"collection":[{"href":"https:\/\/lstme.de\/index.php?rest_route=\/wp\/v2\/pages"}],"about":[{"href":"https:\/\/lstme.de\/index.php?rest_route=\/wp\/v2\/types\/page"}],"author":[{"embeddable":true,"href":"https:\/\/lstme.de\/index.php?rest_route=\/wp\/v2\/users\/1"}],"replies":[{"embeddable":true,"href":"https:\/\/lstme.de\/index.php?rest_route=%2Fwp%2Fv2%2Fcomments&post=6"}],"version-history":[{"count":64,"href":"https:\/\/lstme.de\/index.php?rest_route=\/wp\/v2\/pages\/6\/revisions"}],"predecessor-version":[{"id":342,"href":"https:\/\/lstme.de\/index.php?rest_route=\/wp\/v2\/pages\/6\/revisions\/342"}],"wp:attachment":[{"href":"https:\/\/lstme.de\/index.php?rest_route=%2Fwp%2Fv2%2Fmedia&parent=6"}],"curies":[{"name":"wp","href":"https:\/\/api.w.org\/{rel}","templated":true}]}}